2 - 17*a + 13. What is q(-8)?
21
Let r(t) = t**2 + 7*t + 12. Give r(-7).
12
Let t(h) = -3*h - 9. Determine t(-5).
6
Let r(l) = -3*l**2 + 6*l - 2. Give r(4).
-26
Let m(s) = -s**2 + 17*s + 11. Determine m(10).
81
Let a(p) = -24*p + 16. Calculate a(5).
-104
Let p(r) = -r**2 + 12*r - 25. What is p(8)?
7
Let n(c) = c**3 + 2*c**2 - 4*c + 1. What is n(-4)?
-15
Let o(w) = 2*w**3 + 32*w**2 + w + 21. What is o(-16)?
5
Let p(o) = o**2 + 12*o - 128. What is p(7)?
5
Let g(f) = f**3 - 19*f**2 + 34*f + 9. What is g(17)?
9
Let i(v) = v**2. Determine i(1).
1
Let x(p) = -2*p**3 + 9*p**2 - 11*p + 37. What is x(4)?
9
Let t(b) = -b - 7. What is t(-6)?
-1
Let h(j) = j**2 - j + 1. What is h(3)?
7
Let b(p) = 12*p**2 + 4*p - 4. Give b(1).
12
Let f(o) = -o**3 - 3*o**2 + 5*o - 5. Determine f(-5).
20
Let r(d) = -d**2 - 5*d + 16. Calculate r(-7).
2
Let s(h) = 2*h**2 + 4*h - 5. Determine s(-4).
11
Let w(j) = j**2 - 19*j - 24. Give w(19).
-24
Let k(l) = l - 7. Give k(-5).
-12
Let b(m) = -2*m**2 - 2*m + 4. Determine b(-3).
-8
Let n(s) = -s - 4. Give n(9).
-13
Let q(d) = -d**2 - 6*d + 14. Calculate q(-10).
-26
Let j(f) = 2*f + 1. Give j(-2).
-3
Let h(t) = -t**3 + 20*t**2 - 21*t + 39. Calculate h(19).
1
Let n(d) = -d**2 - 7*d - 8. What is n(-3)?
4
Let z(c) = 13*c + 73. What is z(-7)?
-18
Let d(n) = 14*n - 120. Calculate d(9).
6
Let q(a) = a**2 + 23*a + 2. Determine q(-23).
2
Let t(s) = 22*s**2 + s - 1. Calculate t(1).
22
Let w(y) = 11*y - 17. Give w(2).
5
Let z(h) = h**3 - 4*h**2 - 6*h - 6. Give z(6).
30
Let l(c) = -c**3 + 14*c**2 + 3. Calculate l(14).
3
Let f(r) = -43*r - 466. What is f(-11)?
7
Let v(k) = -k**3 + 41*k**2 + 36*k + 258. Determine v(42).
6
Let i(a) = a**2 - 26*a + 136. Calculate i(13).
-33
Let l(t) = -t**2 - t - 3. What is l(0)?
-3
Let g(r) = r**2 + 8*r - 2. What is g(-8)?
-2
Let g(l) = -l**3 + 7*l**2 - 5*l - 12. Give g(6).
-6
Let c(n) = -7*n + 229. Determine c(33).
-2
Let a(m) = m**3 - 2*m**2 + 7*m - 5. Determine a(4).
55
Let b(f) = 6*f**2 + 43*f + 1. Give b(-7).
-6
Let w(n) = -2*n - 1. Determine w(0).
-1
Let h(g) = -g**3 + 6*g**2 - 5*g + 2. Determine h(5).
2
Let y(f) = -10*f + 20. Give y(2).
0
Let t(f) = f**3 + 2*f**2 - 11*f - 8. Determine t(-4).
4
Let v(h) = -11*h - 2. Determine v(4).
-46
Let h(m) = -m**3 + 3*m**2 + 6*m - 2. Calculate h(4).
6
Let y(f) = 7*f**3 - 3*f**2 + 2*f - 1. Calculate y(-3).
-223
Let u(m) = 14*m + 69. Determine u(-5).
-1
Let r(w) = w**3 + 2*w**2 - 11*w - 6. Give r(-4).
6
Let c(l) = -l**2 + 9*l - 24. Determine c(7).
-10
Let t(y) = -2*y**2 + 14*y - 27. What is t(5)?
-7
Let a(n) = -7*n - 5. Determine a(3).
-26
Let p(s) = s**2 + 31*s + 157. What is p(-6)?
7
Let o(x) = -2*x**2 + x - 16. Determine o(3).
-31
Let b(x) = -x**3 - 13*x + 23. Determine b(2).
-11
Let c(w) = 5*w**3 + w**2 - 2*w + 2. Give c(1).
6
Let f(s) = -s**2 + 42*s - 5. What is f(42)?
-5
Let n(q) = -q**3 - 25*q**2 + 27*q + 17. Determine n(-26).
-9
Let f(c) = 64*c - 409. Calculate f(6).
-25
Let q(i) = i**3 - 7*i**2 - 2*i + 12. What is q(7)?
-2
Let d(i) = i**3 + 10*i**2 + 3*i + 4. Determine d(-10).
-26
Let u(a) = -15*a**3 - 2*a**2 - 2*a + 3. Calculate u(1).
-16
Let j(r) = 14*r**3 + r**2 - 6*r - 5. Calculate j(-2).
-101
Let z(i) = i**2 + 9*i - 12. Give z(-9).
-12
Let s(h) = -h - 53. Determine s(-25).
-28
Let j(u) = 20*u - 25. What is j(0)?
-25
Let l(n) = n**3 - 6*n**2 - 6*n. Calculate l(7).
7
Let k(b) = b + 22. Determine k(4).
26
Let b(x) = -x**3 + x**2 + 4*x - 3. Determine b(2).
1
Let r(y) = 3*y**2 + 12*y + 25. Calculate r(-2).
13
Let q(n) = -2*n - 4. Determine q(-8).
12
Let m(j) = -j - 8. Determine m(1).
-9
Let j(q) = -q**3 - 13*q**2 - 11*q + 7. Give j(-12).
-5
Let b(l) = -l**2 + 7*l - 9. Determine b(5).
1
Let p(b) = 3*b**3 + 2*b**2 - b + 4. What is p(2)?
34
Let v(d) = d**3 + 6*d**2 - 7*d + 4. Calculate v(-6).
46
Let c(n) = n**3 - 10*n**2 + 14*n + 7. Calculate c(8).
-9
Let i(a) = -2*a - 13. Give i(7).
-27
Let x(t) = 2*t**2 + 35*t - 15. Calculate x(-16).
-63
Let w(n) = -n**3 - 14*n**2 + 13*n - 31. Calculate w(-15).
-1
Let h(j) = -j + 5. What is h(-7)?
12
Let k(n) = -2*n + 9. Give k(6).
-3
Let l(t) = t - 12. Calculate l(-10).
-22
Let s(d) = -2*d + 27. What is s(15)?
-3
Let d(m) = -m**2 + 12*m - 5. Determine d(8).
27
Let n(l) = 4*l**3 + 3*l**2 + 4*l - 3. Determine n(-2).
-31
Let b(l) = -2*l**2 - 3*l - 1. What is b(-2)?
-3
Let q(l) = 5*l + 107. Calculate q(-24).
-13
Let g(i) = 4*i**2 - 19*i + 52. Give g(3).
31
Let w(y) = -y**3 + y. Determine w(2).
-6
Let g(l) = -l**2 - 7*l - 1. Give g(-7).
-1
Let p(a) = a**3 + 2*a**2 - 9*a - 6. Determine p(-4).
-2
Let z(w) = 16*w + 2. Give z(-9).
-142
Let g(r) = -2*r**2 + 21*r + 42. What is g(12)?
6
Let z(r) = -65*r + 313. What is z(5)?
-12
Let o(q) = -q**3 - 11*q**2 - 11*q - 4. Determine o(-10).
6
Let p(m) = -m**2 + 27*m + 188. Calculate p(33).
-10
Let w(d) = 7*d - 9. What is w(2)?
5
Let h(k) = -11*k + 1. What is h(-1)?
12
Let h(i) = 2*i**2 + 25*i + 11. What is h(-12)?
-1
Let w(f) = -3*f**2 - 6*f + 13. Calculate w(-4).
-11
Let c(t) = 23*t - 202. Give c(9).
5
Let g(t) = -2*t**2 + 4*t - 1. Give g(4).
-17
Let p(o) = -o**3 + 3*o**2 + o - 4. Determine p(2).
2
Let k(g) = -g**3 - g**2 - 17. Calculate k(0).
-17
Let t(w) = w**3 - 4*w**2 - 7*w + 7. Calculate t(5).
-3
Let p(t) = -t + 2. What is p(7)?
-5
Let j(c) = 24*c + 1. What is j(-5)?
-119
Let t(o) = o**3 - 3*o**2 + 4*o - 1. Give t(3).
11
Let z(m) = -2*m - 18. Give z(-10).
2
Let x(m) = 6*m + 78. Determine x(-11).
12
Let m(n) = -n + 23. What is m(6)?
17
Let o(g) = g + 11. What is o(-9)?
2
Let i(s) = 16*s - 97. Determine i(6).
-1
Let q(j) = 13*j + 4. Calculate q(2).
30
Let r(q) = -q**3 + 21*q**2 - 18*q - 25. Calculate r(20).
15
Let j(c) = 2*c**2 - 17*c - 9. Determine j(5).
-44
Let c(q) = q**2 + 17*q + 23. Calculate c(-15).
-7
Let d(f) = f**2 + 17*f - 32. Give d(-18).
-14
Let c(r) = -5*r + 1. Determine c(-1).
6
Let n(u) = 2*u**2 - 20*u + 54. Determine n(6).
6
Let a(q) = q + 1. Give a(-5).
-4
Let g(k) = -23*k - 309. Calculate g(-13).
-10
Let n(t) = t**3 - 2*t**2 + 6*t - 3. What is n(4)?
53
Let d(z) = z + 26. Give d(-21).
5
Let l(i) = i**3 + 16*i**2 - 17*i + 13. Determine l(-17).
13
Let t(i) = i**2 - 28*i + 182. Give t(12).
-10
Let k(h) = h**3 - 5*h**2 - 8. What is k(5)?
-8
Let d(c) = -c + 2. Calculate d(-10).
12
Let u(o) = o**3 + 6*o**2 + 5*o - 2. Determine u(-4).
10
Let f(x) = x**2 - 15*x + 5. Calculate f(6).
-49
Let w(g) = -5*g + 7. Determine w(4).
-13
Let i(y) = y**3 - 17*y**2 + 17*y + 10. Determine i(16).
26
Let x(r) = r**2 - 16*r + 25. Determine x(14).
-3
Let u(s) = -2*s**3 + 4*s**2 - 3*s + 6. Calculate u(2).
0
Let r(l) = -l + 13. Give r(4).
9
Let x(d) = -d**3 + 7*d**2 - 7*d - 2. Determine x(5).
13
Let b(c) = 2*c**3 - 4*c**2 - c + 5. Give b(4).
65
Let d(u) = -5*u. Give d(-4).
20
Let f(i) = -203*i - 2035. Give f(-10).
-5
Let i(w) = 6*w**2 + 31*w + 14. Give i(-4).
-14
Let m(k) = -k**2 + 14*k + 4. Calculate m(11).
37
Let s(n) = 5*n + 102. Give s(-20).
2
Let m(f) = -f**3 - 14*f**2 - f + 20. Determine m(-14).
34
Let m(l) = 47*l**3 - l**2 - l + 2. What is m(1)?
47
Let u(n) = -6*n - 11. Give u(-1).
-5
Let q(s) = -16*s + 117. What is q(8)?
-11
Let p(g) = -7*g - 87. What is p(-13)?
4
Let l(p) = p**2 + 6*p - 19. Give l(-15).
116
Let d(i) = -7*i - 47. What is d(-8)?
9
Let o(y) = 8*y + 3. Determine o(5).
43
Let g(q) = -3*q + 3. What is g(7)?
-18
Let y(s) = 2*s**3 + 34*s**2 - 37*s - 19. Determine y(-18).
-1
Let r(h) = -h**2 - 3*h + 39. What is r(5)?
-1
Let q(k) = k**3 + 12*k**2 - 12*k + 16. What is q(-13)?
3
Let k(i) = -9*i**2 - 124*i - 9. Calculate k(-14).
-37
Let v(x) = x**2 - 3*x - 6. Determine v(-4).
22
Let y(j) = -2*j - 7. Give y(-7).
7
Let v(l) = -46*l - 315. Give v(-7).
7
Let w(d) = -d**3 - 8*d**2 + 10*d + 18. What is w(-9)?
9
Let u(s) = -s + 17. What is u(6)?
11
Let h(t) = 12*t - 138. What is h(11)?
-6
Let g(c) = -2*c**2 + 3*c + 2. Determine g(-2).
-12
Let m(q) = -q**3 - 32*q**2 + 32*q - 46. What is m(-33)?
-13
Let p(s) = s + 8. Determine p(-9).
-1
Let c(z) = z + 8. Determine c(-5).
3
Let l(m) = -7*m - 124. Calculate l(-22).
30
Let n(l) = 5*l**2 - 11*l. Give n(3).
12
Let l(w) = -2*w**3 - 19*w**2 - 4*w + 12. Give l(-9).
-33
Let f(k) = -7*k + 73. Determine f(13).
-18
Let g(j) = -j**3 - 4*j**2 + 3*j + 4. What is g(-4)?
-8
Let w(f) = 10*f**2 + 11*f + 1. Give w(-1).
0
Let h(f) = 10*f + 77. What is h(-10)?
-23
Le